 the highest common factor of 24 and 216?
24
What is the greatest common divisor of 126 and 117?
9
What is the greatest common divisor of 561 and 1071?
51
Calculate the highest common factor of 12322 and 404.
202
Calculate the greatest common divisor of 252 and 1332.
36
What is the greatest common divisor of 36 and 900?
36
What is the greatest common factor of 300 and 36?
12
What is the highest common factor of 1 and 9?
1
What is the greatest common divisor of 9639 and 162?
81
Calculate the greatest common divisor of 35 and 1085.
35
What is the greatest common factor of 27 and 53001?
27
What is the highest common divisor of 77 and 407?
11
What is the greatest common factor of 500 and 1220?
20
What is the greatest common factor of 8 and 1112?
8
Calculate the highest common factor of 215 and 7439.
43
What is the highest common divisor of 6528 and 36?
12
What is the highest common factor of 333 and 36?
9
What is the greatest common divisor of 100 and 1720?
20
Calculate the highest common divisor of 900 and 72.
36
Calculate the greatest common factor of 135 and 12195.
45
What is the highest common factor of 15917 and 11?
11
Calculate the greatest common factor of 3944 and 16.
8
Calculate the highest common factor of 100 and 125.
25
Calculate the greatest common factor of 846 and 198.
18
What is the highest common factor of 3 and 1329?
3
Calculate the greatest common divisor of 1651 and 2286.
127
What is the highest common factor of 87 and 1434?
3
Calculate the highest common divisor of 363 and 88.
11
Calculate the greatest common factor of 2159 and 51.
17
What is the highest common factor of 104766 and 114?
114
Calculate the greatest common divisor of 12160 and 5.
5
Calculate the highest common factor of 24648 and 208.
104
What is the highest common factor of 100 and 425?
25
What is the greatest common factor of 182 and 91?
91
What is the highest common factor of 400 and 75?
25
Calculate the greatest common factor of 472 and 11918.
118
Calculate the greatest common factor of 2442 and 198.
66
What is the highest common factor of 65 and 221?
13
What is the greatest common factor of 40 and 424?
8
Calculate the greatest common factor of 9 and 117.
9
What is the highest common divisor of 2 and 86?
2
Calculate the greatest common factor of 80 and 144.
16
Calculate the highest common factor of 10019 and 699.
233
What is the greatest common divisor of 1152 and 27?
9
What is the greatest common divisor of 2010 and 2?
2
Calculate the greatest common factor of 90 and 3015.
45
Calculate the highest common factor of 952 and 21777.
119
Calculate the highest common divisor of 37 and 30969.
37
Calculate the highest common divisor of 680 and 85.
85
Calculate the greatest common factor of 35 and 378.
7
What is the greatest common factor of 961 and 217?
31
Calculate the greatest common divisor of 60 and 660.
60
What is the highest common divisor of 12 and 3?
3
Calculate the highest common factor of 819 and 91.
91
Calculate the greatest common factor of 7102 and 106.
106
Calculate the highest common factor of 1 and 9.
1
Calculate the highest common factor of 234 and 36.
18
Calculate the greatest common factor of 7 and 1379.
7
Calculate the greatest common factor of 124 and 403.
31
Calculate the highest common divisor of 195 and 351.
39
What is the greatest common factor of 50 and 1590?
10
Calculate the highest common divisor of 1677 and 663.
39
Calculate the greatest common divisor of 26 and 325.
13
What is the highest common factor of 32 and 368?
16
Calculate the greatest common divisor of 85 and 1598.
17
Calculate the highest common divisor of 35 and 25.
5
What is the highest common factor of 1170 and 2790?
90
What is the highest common divisor of 51 and 309?
3
Calculate the greatest common factor of 576 and 216.
72
Calculate the greatest common divisor of 14 and 70.
14
What is the greatest common factor of 259 and 74?
37
Calculate the greatest common divisor of 902 and 22.
22
What is the highest common divisor of 51 and 15?
3
Calculate the highest common factor of 33 and 111.
3
Calculate the greatest common divisor of 795 and 15.
15
What is the greatest common divisor of 2658 and 12?
6
Calculate the greatest common divisor of 32 and 13.
1
Calculate the highest common factor of 1275 and 255.
255
Calculate the highest common divisor of 216 and 28.
4
Calculate the greatest common divisor of 39 and 3.
3
What is the highest common divisor of 58 and 522?
58
Calculate the highest common divisor of 4320 and 320.
160
What is the greatest common divisor of 194 and 97?
97
Calculate the greatest common divisor of 224 and 14.
14
Calculate the greatest common divisor of 65 and 2665.
65
Calculate the highest common divisor of 110 and 40.
10
Calculate the highest common factor of 1722 and 609.
21
Calculate the highest common divisor of 9 and 201.
3
Calculate the greatest common factor of 78 and 2040.
6
Calculate the highest common divisor of 888 and 276.
12
What is the greatest common factor of 46 and 621?
23
What is the greatest common divisor of 175 and 75?
25
What is the greatest common divisor of 1568 and 1372?
196
Calculate the greatest common factor of 32 and 600.
8
What is the highest common factor of 66 and 154?
22
What is the highest common factor of 53 and 17861?
53
Calculate the highest common divisor of 89 and 1424.
89
Calculate the highest common divisor of 348 and 6496.
116
What is the greatest common factor of 54 and 6453?
27
Calculate the highest common factor of 68 and 374.
34
Calculate the highest common factor of 24 and 546.
6
Calculate the highest common factor of 92 and 20.
4
Calculate the greatest common factor of 36 and 171.
9
What is the greatest common divisor of 8833 and 121?
121
What is the highest common divisor of 585 and 897?
39
Calculate the greatest common divisor of 440 and 30.
10
Calculate the greatest common factor of 1386 and 11.
11
What is the greatest common divisor of 533 and 41?
41
Calculate the greatest common factor of 147 and 98.
49
What is the greatest common divisor of 45 and 1278?
9
Calculate the highest common factor of 432 and 11304.
72
What is the greatest common divisor of 67 and 4489?
67
Calculate the highest common divisor of 25608 and 264.
264
Calculate the highest common divisor of 315 and 2485.
35
Calculate the greatest common divisor of 25 and 9925.
25
Calculate the greatest common factor of 11 and 2.
1
What is the highest common factor of 111 and 2775?
111
What is the highest common divisor of 10 and 2240?
10
What is the highest common divisor of 2044 and 84?
28
Calculate the greatest common divisor of 17608 and 248.
248
What is the highest common divisor of 540 and 17550?
270
Calculate the greatest common divisor of 13 and 351.
13
Calculate the highest common divisor of 99 and 222.
3
Calculate the highest common divisor of 657 and 27.
9
Calculate the highest common factor of 19 and 4864.
19
Calculate the greatest common factor of 30 and 2.
2
What is the highest common divisor of 7610 and 50?
10
Calculate the highest common divisor of 30 and 822.
6
What is the highest common divisor of 119 and 63?
7
What is the highest common divisor of 75 and 9?
3
What is the highest common divisor of 459 and 68?
17
What is the highest common divisor of 872 and 2507?
109
What is the greatest common factor of 112 and 256?
16
Calculate the greatest common divisor of 147 and 33369.
147
Calculate the greatest common factor of 191 and 10123.
191
Calculate the greatest common factor of 10 and 27190.
10
Calculate the highest common factor of 47 and 423.
47
Calculate the greatest common divisor of 12 and 7314.
6
Calculate the highest common factor of 666 and 4440.
222
What is the greatest common factor of 121756 and 244?
244
What is the highest common factor of 76 and 292?
4
What is the greatest common divisor of 9252 and 12?
12
What is the highest common factor of 6 and 18?
6
What is the highest common divisor of 890 and 20?
10
What is the highest common factor of 380 and 665?
95
Calculate the greatest common divisor of 27 and 14382.
9
What is the highest common divisor of 354 and 295?
59
Calculate the highest common divisor of 155 and 248.
31
Calculate the greatest common factor of 6 and 7920.
6
What is the greatest common divisor of 3197 a